{"id":669,"date":"2014-05-18T19:05:10","date_gmt":"2014-05-18T19:05:10","guid":{"rendered":"http:\/\/dr-galievsky-mathilde.chirurgiens-dentistes.fr\/?page_id=669"},"modified":"2025-02-06T15:57:13","modified_gmt":"2025-02-06T14:57:13","slug":"4-rue-corneille-78140-velizy-villacoublay","status":"publish","type":"page","link":"https:\/\/dr-galievsky-mathilde.chirurgiens-dentistes.fr\/mystaging\/","title":{"rendered":"Cabinet d&#8217;orthodontie du docteur Galievsky \u00e0 V\u00e9lizy-Villacoublay"},"content":{"rendered":"<style>.kadence-column669_4c5782-31 > .kt-inside-inner-col,.kadence-column669_4c5782-31 > .kt-inside-inner-col:before{border-top-left-radius:0px;border-top-right-radius:0px;border-bottom-right-radius:0px;border-bottom-left-radius:0px;}.kadence-column669_4c5782-31 > .kt-inside-inner-col{column-gap:var(--global-kb-gap-sm, 1rem);}.kadence-column669_4c5782-31 > .kt-inside-inner-col{flex-direction:column;}.kadence-column669_4c5782-31 > .kt-inside-inner-col > .aligncenter{width:100%;}.kadence-column669_4c5782-31 > .kt-inside-inner-col:before{opacity:0.3;}.kadence-column669_4c5782-31{position:relative;}@media all and (max-width: 1024px){.kadence-column669_4c5782-31 > .kt-inside-inner-col{flex-direction:column;}}@media all and (max-width: 767px){.kadence-column669_4c5782-31 > .kt-inside-inner-col{flex-direction:column;}}<\/style>\n<div class=\"wp-block-kadence-column kadence-column669_4c5782-31\"><div class=\"kt-inside-inner-col\"><\/div><\/div>\n\n\n<style>.kb-row-layout-id669_0de463-2f > .kt-row-column-wrap{align-content:start;}:where(.kb-row-layout-id669_0de463-2f > .kt-row-column-wrap) > .wp-block-kadence-column{justify-content:start;}.kb-row-layout-id669_0de463-2f > .kt-row-column-wrap{column-gap:var(--global-kb-gap-md, 2rem);row-gap:var(--global-kb-gap-md, 2rem);max-width:var( --global-content-width, 1290px );padding-left:var(--global-content-edge-padding);padding-right:var(--global-content-edge-padding);padding-top:var(--global-kb-spacing-xxl, 5rem);padding-bottom:var(--global-kb-spacing-xxl, 5rem);grid-template-columns:minmax(0, calc(50% - ((var(--global-kb-gap-md, 2rem) * 1 )\/2)))minmax(0, calc(50% - ((var(--global-kb-gap-md, 2rem) * 1 )\/2)));}.kb-row-layout-id669_0de463-2f{border-top:40px solid var(--global-palette8, #F7FAFC);border-bottom:40px solid var(--global-palette8, #F7FAFC);}.kb-row-layout-id669_0de463-2f{background-image:url('http:\/\/dr-galievsky-mathilde.chirurgiens-dentistes.fr\/mystaging\/wp-content\/uploads\/2025\/02\/IMG_3655-rotated-e1738853794989.jpg');background-size:auto;background-position:63% 46%;background-attachment:fixed;background-repeat:no-repeat;}.kb-row-layout-id669_0de463-2f > .kt-row-layout-overlay{opacity:0.75;background:linear-gradient(90deg,var(--global-palette8,#F7FAFC) 30%,rgba(255,255,255,0) 30%);}@media all and (max-width: 1024px), only screen and (min-device-width: 1024px) and (max-device-width: 1366px) and (-webkit-min-device-pixel-ratio: 2) and (hover: none){.kb-row-layout-id669_0de463-2f{background-attachment:scroll;}}@media all and (max-width: 1024px){.kb-row-layout-id669_0de463-2f > .kt-row-column-wrap{column-gap:var(--global-kb-gap-md, 2rem);grid-template-columns:minmax(0, 2fr) minmax(0, 1fr);}}@media all and (max-width: 1024px){.kb-row-layout-id669_0de463-2f{border-top:40px solid var(--global-palette8, #F7FAFC);border-bottom:40px solid var(--global-palette8, #F7FAFC);}}@media all and (max-width: 767px){.kb-row-layout-id669_0de463-2f > .kt-row-column-wrap{padding-top:var(--global-kb-spacing-lg, 3rem);padding-bottom:var(--global-kb-spacing-lg, 3rem);grid-template-columns:minmax(0, 1fr);}.kb-row-layout-id669_0de463-2f{border-top:40px solid var(--global-palette8, #F7FAFC);border-bottom:40px solid var(--global-palette8, #F7FAFC);}.kb-row-layout-id669_0de463-2f > .kt-row-layout-overlay{opacity:0.00;}}<\/style><div style=\"background-image: url(http:\/\/dr-galievsky-mathilde.chirurgiens-dentistes.fr\/mystaging\/wp-content\/uploads\/2025\/02\/IMG_3655-rotated-e1738853794989.jpg);\" class=\"kb-row-layout-wrap kb-row-layout-id669_0de463-2f aligncenter has-theme-palette8-background-color kt-row-has-bg wp-block-kadence-rowlayout\"><div class=\"kt-row-layout-overlay kt-row-overlay-gradient\"><\/div><div class=\"kt-row-column-wrap kt-has-2-columns kt-row-layout-equal kt-tab-layout-left-golden kt-mobile-layout-row kt-row-valign-top kb-theme-content-width\">\n<style>.kadence-column669_af04ca-45 > .kt-inside-inner-col{padding-top:var(--global-kb-spacing-xl, 4rem);padding-right:var(--global-kb-spacing-xl, 4rem);padding-bottom:var(--global-kb-spacing-xl, 4rem);padding-left:var(--global-kb-spacing-xl, 4rem);}.kadence-column669_af04ca-45 > .kt-inside-inner-col,.kadence-column669_af04ca-45 > .kt-inside-inner-col:before{border-top-left-radius:7px;border-top-right-radius:7px;border-bottom-right-radius:7px;border-bottom-left-radius:7px;}.kadence-column669_af04ca-45 > .kt-inside-inner-col{column-gap:var(--global-kb-gap-sm, 1rem);}.kadence-column669_af04ca-45 > .kt-inside-inner-col{flex-direction:column;}.kadence-column669_af04ca-45 > .kt-inside-inner-col > .aligncenter{width:100%;}.kadence-column669_af04ca-45 > .kt-inside-inner-col{background-color:var(--global-palette9, #ffffff);}.kadence-column669_af04ca-45 > .kt-inside-inner-col:before{opacity:0.3;}.kadence-column669_af04ca-45{position:relative;}@media all and (max-width: 1024px){.kadence-column669_af04ca-45 > .kt-inside-inner-col{flex-direction:column;}}@media all and (max-width: 767px){.kadence-column669_af04ca-45 > .kt-inside-inner-col{padding-top:var(--global-kb-spacing-md, 2rem);padding-right:var(--global-kb-spacing-md, 2rem);padding-bottom:var(--global-kb-spacing-md, 2rem);padding-left:var(--global-kb-spacing-md, 2rem);flex-direction:column;}}<\/style>\n<div class=\"wp-block-kadence-column kadence-column669_af04ca-45\"><div class=\"kt-inside-inner-col\"><style>.wp-block-kadence-advancedheading.kt-adv-heading669_9ea1e9-26, .wp-block-kadence-advancedheading.kt-adv-heading669_9ea1e9-26[data-kb-block=\"kb-adv-heading669_9ea1e9-26\"]{margin-bottom:var(--global-kb-spacing-xs, 1rem);font-size:32px;line-height:1.3;font-style:normal;}.wp-block-kadence-advancedheading.kt-adv-heading669_9ea1e9-26 mark.kt-highlight, .wp-block-kadence-advancedheading.kt-adv-heading669_9ea1e9-26[data-kb-block=\"kb-adv-heading669_9ea1e9-26\"] mark.kt-highlight{font-style:normal;color:#f76a0c;-webkit-box-decoration-break:clone;box-decoration-break:clone;padding-top:0px;padding-right:0px;padding-bottom:0px;padding-left:0px;}<\/style>\n<p class=\"kt-adv-heading669_9ea1e9-26 wp-block-kadence-advancedheading has-theme-palette-3-color has-text-color\" data-kb-block=\"kb-adv-heading669_9ea1e9-26\">Le <strong>docteur GALIEVSKY<\/strong> est Chirurgien-Dentiste qualifi\u00e9e en <strong>orthop\u00e9die dento-faciale<\/strong> \u00e0 <strong>V\u00e9lizy-Villacoublay<\/strong>.<\/p>\n\n\n<style>.wp-block-kadence-advancedheading.kt-adv-heading669_33b5e3-d0, .wp-block-kadence-advancedheading.kt-adv-heading669_33b5e3-d0[data-kb-block=\"kb-adv-heading669_33b5e3-d0\"]{font-style:normal;}.wp-block-kadence-advancedheading.kt-adv-heading669_33b5e3-d0 mark.kt-highlight, .wp-block-kadence-advancedheading.kt-adv-heading669_33b5e3-d0[data-kb-block=\"kb-adv-heading669_33b5e3-d0\"] mark.kt-highlight{font-style:normal;color:#f76a0c;-webkit-box-decoration-break:clone;box-decoration-break:clone;padding-top:0px;padding-right:0px;padding-bottom:0px;padding-left:0px;}<\/style>\n<p class=\"kt-adv-heading669_33b5e3-d0 wp-block-kadence-advancedheading has-theme-palette-4-color has-text-color\" data-kb-block=\"kb-adv-heading669_33b5e3-d0\"><br>4, rue Corneille<br>78140 V\u00e9lizy-Villacoublay<\/p>\n\n\n\n<p>Tel: &nbsp;01 39 46 25 23<\/p>\n<\/div><\/div>\n\n\n<style>.kadence-column669_21709e-fa > .kt-inside-inner-col,.kadence-column669_21709e-fa > .kt-inside-inner-col:before{border-top-left-radius:0px;border-top-right-radius:0px;border-bottom-right-radius:0px;border-bottom-left-radius:0px;}.kadence-column669_21709e-fa > .kt-inside-inner-col{column-gap:var(--global-kb-gap-sm, 1rem);}.kadence-column669_21709e-fa > .kt-inside-inner-col{flex-direction:column;}.kadence-column669_21709e-fa > .kt-inside-inner-col > .aligncenter{width:100%;}.kadence-column669_21709e-fa > .kt-inside-inner-col:before{opacity:0.3;}.kadence-column669_21709e-fa{position:relative;}@media all and (max-width: 1024px){.kadence-column669_21709e-fa > .kt-inside-inner-col{flex-direction:column;}}@media all and (max-width: 767px){.kadence-column669_21709e-fa > .kt-inside-inner-col{flex-direction:column;}}<\/style>\n<div class=\"wp-block-kadence-column kadence-column669_21709e-fa\"><div class=\"kt-inside-inner-col\"><\/div><\/div>\n\n<\/div><\/div>\n\n<style>.kb-row-layout-id669_7267ca-4c > .kt-row-column-wrap{align-content:start;}:where(.kb-row-layout-id669_7267ca-4c > .kt-row-column-wrap) > .wp-block-kadence-column{justify-content:start;}.kb-row-layout-id669_7267ca-4c > .kt-row-column-wrap{column-gap:var(--global-kb-gap-md, 2rem);row-gap:var(--global-kb-gap-md, 2rem);max-width:var( --global-content-width, 1290px );padding-left:var(--global-content-edge-padding);padding-right:var(--global-content-edge-padding);padding-top:var(--global-kb-spacing-lg, 3rem);padding-bottom:var(--global-kb-spacing-sm, 1.5rem);grid-template-columns:minmax(0, 1fr);}.kb-row-layout-id669_7267ca-4c > .kt-row-layout-overlay{opacity:0.30;}@media all and (max-width: 1024px){.kb-row-layout-id669_7267ca-4c > .kt-row-column-wrap{grid-template-columns:minmax(0, 1fr);}}@media all and (max-width: 767px){.kb-row-layout-id669_7267ca-4c > .kt-row-column-wrap{grid-template-columns:minmax(0, 1fr);}}<\/style><div class=\"kb-row-layout-wrap kb-row-layout-id669_7267ca-4c alignnone wp-block-kadence-rowlayout\"><div class=\"kt-row-column-wrap kt-has-1-columns kt-row-layout-equal kt-tab-layout-inherit kt-mobile-layout-row kt-row-valign-top kb-theme-content-width\">\n<style>.kadence-column669_3494b3-13 > .kt-inside-inner-col,.kadence-column669_3494b3-13 > .kt-inside-inner-col:before{border-top-left-radius:0px;border-top-right-radius:0px;border-bottom-right-radius:0px;border-bottom-left-radius:0px;}.kadence-column669_3494b3-13 > .kt-inside-inner-col{column-gap:var(--global-kb-gap-sm, 1rem);}.kadence-column669_3494b3-13 > .kt-inside-inner-col{flex-direction:column;}.kadence-column669_3494b3-13 > .kt-inside-inner-col > .aligncenter{width:100%;}.kadence-column669_3494b3-13 > .kt-inside-inner-col:before{opacity:0.3;}.kadence-column669_3494b3-13{position:relative;}@media all and (max-width: 1024px){.kadence-column669_3494b3-13 > .kt-inside-inner-col{flex-direction:column;}}@media all and (max-width: 767px){.kadence-column669_3494b3-13 > .kt-inside-inner-col{flex-direction:column;}}<\/style>\n<div class=\"wp-block-kadence-column kadence-column669_3494b3-13\"><div class=\"kt-inside-inner-col\"><style>.wp-block-kadence-advancedheading.kt-adv-heading669_a65871-51, .wp-block-kadence-advancedheading.kt-adv-heading669_a65871-51[data-kb-block=\"kb-adv-heading669_a65871-51\"]{text-align:center;font-style:normal;}.wp-block-kadence-advancedheading.kt-adv-heading669_a65871-51 mark.kt-highlight, .wp-block-kadence-advancedheading.kt-adv-heading669_a65871-51[data-kb-block=\"kb-adv-heading669_a65871-51\"] mark.kt-highlight{font-style:normal;color:#f76a0c;-webkit-box-decoration-break:clone;box-decoration-break:clone;padding-top:0px;padding-right:0px;padding-bottom:0px;padding-left:0px;}<\/style>\n<p class=\"kt-adv-heading669_a65871-51 wp-block-kadence-advancedheading\" data-kb-block=\"kb-adv-heading669_a65871-51\">L\u2019orthodontie, ou orthop\u00e9die dento-faciale, concerne les traitements qui ont pour objectif de modifier la position des dents et des m\u00e2choires. Ces traitements s\u2019adressent aux enfants comme aux adultes. Ils permettent de garantir une sant\u00e9 bucco-dentaire optimale et un sourire harmonieux.<br>Pour votre confort et votre bien \u00eatre, le cabinet du&nbsp;<strong>docteur Galievsky<\/strong>, orthodontiste \u00e0&nbsp;<strong>V\u00e9lizy-Villacoublay<\/strong>&nbsp;commune proche de&nbsp;<strong>Viroflay<\/strong>,&nbsp;<strong>Meudon<\/strong>,&nbsp;<strong>Jouy en Josas<\/strong>&nbsp;et&nbsp;<strong>Chaville,&nbsp;<\/strong>met \u00e0 votre disposition les technologies les plus modernes (appareillage lingual, traitement invisalign\u00ae) pour un traitement de vos dents discret et efficace.<br>Sur le site internet du docteur Galievsky, vous trouverez la&nbsp;<a href=\"http:\/\/dr-galievsky-mathilde.chirurgiens-dentistes.fr\/description_cabinet_orthodontique\/\">description du cabinet<\/a>&nbsp;et&nbsp;<a href=\"http:\/\/dr-galievsky-mathilde.chirurgiens-dentistes.fr\/fiches-conseils\/\">des conseils et des explications sur les traitements orthodontiques<\/a>&nbsp;ainsi que des fiches pratiques.<br>Notre site vous permettra de d\u00e9couvrir l\u2019\u00e9quipe du cabinet d\u2019orthodontie qui est \u00e0 votre disposition, sur rendez-vous au&nbsp;01 39 46 25 23.<br><\/p>\n<\/div><\/div>\n\n<\/div><\/div>\n\n<style>.kb-row-layout-wrap.wp-block-kadence-rowlayout.kb-row-layout-id669_1b0b77-03{margin-top:0px;margin-bottom:0px;}.kb-row-layout-id669_1b0b77-03 > .kt-row-column-wrap{align-content:start;}:where(.kb-row-layout-id669_1b0b77-03 > .kt-row-column-wrap) > .wp-block-kadence-column{justify-content:start;}.kb-row-layout-id669_1b0b77-03 > .kt-row-column-wrap{column-gap:var(--global-kb-gap-none, 0rem );row-gap:var(--global-kb-gap-md, 2rem);max-width:var( --global-content-width, 1290px );padding-left:var(--global-content-edge-padding);padding-right:var(--global-content-edge-padding);padding-top:var(--global-kb-spacing-xxl, 5rem);padding-bottom:var(--global-kb-spacing-xxl, 5rem);grid-template-columns:minmax(0, 1fr);}.kb-row-layout-id669_1b0b77-03 > .kt-row-layout-overlay{opacity:0.30;}@media all and (max-width: 1024px){.kb-row-layout-id669_1b0b77-03 > .kt-row-column-wrap{grid-template-columns:minmax(0, 1fr);}}@media all and (max-width: 767px){.kb-row-layout-id669_1b0b77-03 > .kt-row-column-wrap{grid-template-columns:minmax(0, 1fr);}}<\/style><div class=\"kb-row-layout-wrap kb-row-layout-id669_1b0b77-03 alignfull has-theme-palette9-background-color kt-row-has-bg wp-block-kadence-rowlayout\"><div class=\"kt-row-column-wrap kt-has-1-columns kt-row-layout-equal kt-tab-layout-inherit kt-mobile-layout-row kt-row-valign-top kb-theme-content-width\">\n<style>.kadence-column669_b828ed-22 > .kt-inside-inner-col,.kadence-column669_b828ed-22 > .kt-inside-inner-col:before{border-top-left-radius:0px;border-top-right-radius:0px;border-bottom-right-radius:0px;border-bottom-left-radius:0px;}.kadence-column669_b828ed-22 > .kt-inside-inner-col{column-gap:var(--global-kb-gap-sm, 1rem);}.kadence-column669_b828ed-22 > .kt-inside-inner-col{flex-direction:column;}.kadence-column669_b828ed-22 > .kt-inside-inner-col > .aligncenter{width:100%;}.kadence-column669_b828ed-22 > .kt-inside-inner-col:before{opacity:0.3;}.kadence-column669_b828ed-22{position:relative;}@media all and (max-width: 1024px){.kadence-column669_b828ed-22 > .kt-inside-inner-col{flex-direction:column;}}@media all and (max-width: 767px){.kadence-column669_b828ed-22 > .kt-inside-inner-col{flex-direction:column;}}<\/style>\n<div class=\"wp-block-kadence-column kadence-column669_b828ed-22 inner-column-1\"><div class=\"kt-inside-inner-col\"><style>.wp-block-kadence-advancedgallery.kb-gallery-wrap-id-669_fff4c8-f1{margin-top:var(--global-kb-spacing-md, 2rem);padding-top:0px;}.wp-block-kadence-advancedgallery .kb-gallery-type-grid.kb-gallery-id-669_fff4c8-f1{margin:-0px;}.kb-gallery-type-grid.kb-gallery-id-669_fff4c8-f1 .kadence-blocks-gallery-item{padding:0px;}.kb-gallery-id-669_fff4c8-f1 .kadence-blocks-gallery-item .kb-gal-image-radius, .kb-gallery-id-669_fff4c8-f1 .kb-slide-item .kb-gal-image-radius img{border-radius:0px 0px 0px 0px;;}<\/style><div class=\"kb-gallery-wrap-id-669_fff4c8-f1 alignnone wp-block-kadence-advancedgallery\"><ul class=\"kb-gallery-ul kb-gallery-non-static kb-gallery-type-grid kb-gallery-id-669_fff4c8-f1 kb-gallery-caption-style-bottom-hover kb-gallery-filter-none kb-gallery-magnific-init\" data-image-filter=\"none\" data-item-selector=\".kadence-blocks-gallery-item\" data-lightbox-caption=\"false\" data-columns-xxl=\"3\" data-columns-xl=\"3\" data-columns-md=\"3\" data-columns-sm=\"3\" data-columns-xs=\"1\" data-columns-ss=\"1\"><li class=\"kadence-blocks-gallery-item\"><div class=\"kadence-blocks-gallery-item-inner\"><figure class=\"kb-gallery-figure kb-gallery-item-has-link kadence-blocks-gallery-item-hide-caption\" \"><a href=\"http:\/\/dr-galievsky-mathilde.chirurgiens-dentistes.fr\/mystaging\/wp-content\/uploads\/2025\/02\/IMG_4516-rotated.jpg\" class=\"kb-gallery-item-link\"  ><div class=\"kb-gal-image-radius\"><div class=\"kb-gallery-image-contain kadence-blocks-gallery-intrinsic kb-gallery-image-ratio-square kb-has-image-ratio-square\" ><img loading=\"lazy\" decoding=\"async\" src=\"http:\/\/dr-galievsky-mathilde.chirurgiens-dentistes.fr\/mystaging\/wp-content\/uploads\/2025\/02\/IMG_4516-rotated.jpg\" width=\"1512\" height=\"2016\" alt=\"\" data-full-image=\"http:\/\/dr-galievsky-mathilde.chirurgiens-dentistes.fr\/mystaging\/wp-content\/uploads\/2025\/02\/IMG_4516-rotated.jpg\" data-light-image=\"http:\/\/dr-galievsky-mathilde.chirurgiens-dentistes.fr\/mystaging\/wp-content\/uploads\/2025\/02\/IMG_4516-rotated.jpg\" data-id=\"1760\" class=\"wp-image-1760\" srcset=\"https:\/\/dr-galievsky-mathilde.chirurgiens-dentistes.fr\/mystaging\/wp-content\/uploads\/2025\/02\/IMG_4516-rotated.jpg 1512w, https:\/\/dr-galievsky-mathilde.chirurgiens-dentistes.fr\/mystaging\/wp-content\/uploads\/2025\/02\/IMG_4516-225x300.jpg 225w, https:\/\/dr-galievsky-mathilde.chirurgiens-dentistes.fr\/mystaging\/wp-content\/uploads\/2025\/02\/IMG_4516-768x1024.jpg 768w, https:\/\/dr-galievsky-mathilde.chirurgiens-dentistes.fr\/mystaging\/wp-content\/uploads\/2025\/02\/IMG_4516-1152x1536.jpg 1152w\" sizes=\"auto, (max-width: 1512px) 100vw, 1512px\" \/><\/div><\/div><\/a><\/figure><\/div><\/li><li class=\"kadence-blocks-gallery-item\"><div class=\"kadence-blocks-gallery-item-inner\"><figure class=\"kb-gallery-figure kb-gallery-item-has-link kadence-blocks-gallery-item-hide-caption\" \"><a href=\"http:\/\/dr-galievsky-mathilde.chirurgiens-dentistes.fr\/mystaging\/wp-content\/uploads\/2025\/02\/IMG_4515-rotated.jpg\" class=\"kb-gallery-item-link\"  ><div class=\"kb-gal-image-radius\"><div class=\"kb-gallery-image-contain kadence-blocks-gallery-intrinsic kb-gallery-image-ratio-square kb-has-image-ratio-square\" ><img loading=\"lazy\" decoding=\"async\" src=\"http:\/\/dr-galievsky-mathilde.chirurgiens-dentistes.fr\/mystaging\/wp-content\/uploads\/2025\/02\/IMG_4515-rotated.jpg\" width=\"1512\" height=\"2016\" alt=\"\" data-full-image=\"http:\/\/dr-galievsky-mathilde.chirurgiens-dentistes.fr\/mystaging\/wp-content\/uploads\/2025\/02\/IMG_4515-rotated.jpg\" data-light-image=\"http:\/\/dr-galievsky-mathilde.chirurgiens-dentistes.fr\/mystaging\/wp-content\/uploads\/2025\/02\/IMG_4515-rotated.jpg\" data-id=\"1759\" class=\"wp-image-1759\" srcset=\"https:\/\/dr-galievsky-mathilde.chirurgiens-dentistes.fr\/mystaging\/wp-content\/uploads\/2025\/02\/IMG_4515-rotated.jpg 1512w, https:\/\/dr-galievsky-mathilde.chirurgiens-dentistes.fr\/mystaging\/wp-content\/uploads\/2025\/02\/IMG_4515-225x300.jpg 225w, https:\/\/dr-galievsky-mathilde.chirurgiens-dentistes.fr\/mystaging\/wp-content\/uploads\/2025\/02\/IMG_4515-768x1024.jpg 768w, https:\/\/dr-galievsky-mathilde.chirurgiens-dentistes.fr\/mystaging\/wp-content\/uploads\/2025\/02\/IMG_4515-1152x1536.jpg 1152w\" sizes=\"auto, (max-width: 1512px) 100vw, 1512px\" \/><\/div><\/div><\/a><\/figure><\/div><\/li><li class=\"kadence-blocks-gallery-item\"><div class=\"kadence-blocks-gallery-item-inner\"><figure class=\"kb-gallery-figure kb-gallery-item-has-link kadence-blocks-gallery-item-hide-caption\" \"><a href=\"http:\/\/dr-galievsky-mathilde.chirurgiens-dentistes.fr\/mystaging\/wp-content\/uploads\/2025\/02\/WhatsApp-Image-2025-02-03-at-16.55.06.jpeg\" class=\"kb-gallery-item-link\"  ><div class=\"kb-gal-image-radius\"><div class=\"kb-gallery-image-contain kadence-blocks-gallery-intrinsic kb-gallery-image-ratio-square kb-has-image-ratio-square\" ><img loading=\"lazy\" decoding=\"async\" src=\"http:\/\/dr-galievsky-mathilde.chirurgiens-dentistes.fr\/mystaging\/wp-content\/uploads\/2025\/02\/WhatsApp-Image-2025-02-03-at-16.55.06.jpeg\" width=\"1200\" height=\"1600\" alt=\"\" data-full-image=\"http:\/\/dr-galievsky-mathilde.chirurgiens-dentistes.fr\/mystaging\/wp-content\/uploads\/2025\/02\/WhatsApp-Image-2025-02-03-at-16.55.06.jpeg\" data-light-image=\"http:\/\/dr-galievsky-mathilde.chirurgiens-dentistes.fr\/mystaging\/wp-content\/uploads\/2025\/02\/WhatsApp-Image-2025-02-03-at-16.55.06.jpeg\" data-id=\"1557\" class=\"wp-image-1557\" srcset=\"https:\/\/dr-galievsky-mathilde.chirurgiens-dentistes.fr\/mystaging\/wp-content\/uploads\/2025\/02\/WhatsApp-Image-2025-02-03-at-16.55.06.jpeg 1200w, https:\/\/dr-galievsky-mathilde.chirurgiens-dentistes.fr\/mystaging\/wp-content\/uploads\/2025\/02\/WhatsApp-Image-2025-02-03-at-16.55.06-225x300.jpeg 225w, https:\/\/dr-galievsky-mathilde.chirurgiens-dentistes.fr\/mystaging\/wp-content\/uploads\/2025\/02\/WhatsApp-Image-2025-02-03-at-16.55.06-768x1024.jpeg 768w, https:\/\/dr-galievsky-mathilde.chirurgiens-dentistes.fr\/mystaging\/wp-content\/uploads\/2025\/02\/WhatsApp-Image-2025-02-03-at-16.55.06-1152x1536.jpeg 1152w\" sizes=\"auto, (max-width: 1200px) 100vw, 1200px\" \/><\/div><\/div><\/a><\/figure><\/div><\/li><\/ul><\/div><\/div><\/div>\n\n<\/div><\/div>","protected":false},"excerpt":{"rendered":"<p>Le docteur GALIEVSKY est Chirurgien-Dentiste qualifi\u00e9e en orthop\u00e9die dento-faciale \u00e0 V\u00e9lizy-Villacoublay. 4, rue Corneille78140 V\u00e9lizy-Villacoublay Tel: &nbsp;01 39 46 25 23 L\u2019orthodontie, ou orthop\u00e9die dento-faciale, concerne les traitements qui ont pour objectif de modifier la position des dents et des m\u00e2choires. Ces traitements s\u2019adressent aux enfants comme aux adultes. Ils permettent de garantir une sant\u00e9&#8230;<\/p>\n","protected":false},"author":1,"featured_media":0,"parent":0,"menu_order":0,"comment_status":"closed","ping_status":"closed","template":"","meta":{"om_disable_all_campaigns":false,"_monsterinsights_skip_tracking":false,"_monsterinsights_sitenote_active":false,"_monsterinsights_sitenote_note":"","_monsterinsights_sitenote_category":0,"_kad_post_transparent":"","_kad_post_title":"","_kad_post_layout":"","_kad_post_sidebar_id":"","_kad_post_content_style":"","_kad_post_vertical_padding":"","_kad_post_feature":"","_kad_post_feature_position":"","_kad_post_header":false,"_kad_post_footer":false,"footnotes":""},"class_list":["post-669","page","type-page","status-publish","hentry"],"aioseo_notices":[],"_links":{"self":[{"href":"https:\/\/dr-galievsky-mathilde.chirurgiens-dentistes.fr\/mystaging\/wp-json\/wp\/v2\/pages\/669","targetHints":{"allow":["GET"]}}],"collection":[{"href":"https:\/\/dr-galievsky-mathilde.chirurgiens-dentistes.fr\/mystaging\/wp-json\/wp\/v2\/pages"}],"about":[{"href":"https:\/\/dr-galievsky-mathilde.chirurgiens-dentistes.fr\/mystaging\/wp-json\/wp\/v2\/types\/page"}],"author":[{"embeddable":true,"href":"https:\/\/dr-galievsky-mathilde.chirurgiens-dentistes.fr\/mystaging\/wp-json\/wp\/v2\/users\/1"}],"replies":[{"embeddable":true,"href":"https:\/\/dr-galievsky-mathilde.chirurgiens-dentistes.fr\/mystaging\/wp-json\/wp\/v2\/comments?post=669"}],"version-history":[{"count":120,"href":"https:\/\/dr-galievsky-mathilde.chirurgiens-dentistes.fr\/mystaging\/wp-json\/wp\/v2\/pages\/669\/revisions"}],"predecessor-version":[{"id":1825,"href":"https:\/\/dr-galievsky-mathilde.chirurgiens-dentistes.fr\/mystaging\/wp-json\/wp\/v2\/pages\/669\/revisions\/1825"}],"wp:attachment":[{"href":"https:\/\/dr-galievsky-mathilde.chirurgiens-dentistes.fr\/mystaging\/wp-json\/wp\/v2\/media?parent=669"}],"curies":[{"name":"wp","href":"https:\/\/api.w.org\/{rel}","templated":true}]}}