{"id":289,"date":"2014-01-21T11:06:28","date_gmt":"2014-01-21T11:06:28","guid":{"rendered":"http:\/\/dr-galievsky-mathilde.chirurgiens-dentistes.fr\/blog\/?page_id=289"},"modified":"2025-02-06T17:01:14","modified_gmt":"2025-02-06T16:01:14","slug":"prise-en-charge-et-remboursements","status":"publish","type":"page","link":"https:\/\/dr-galievsky-mathilde.chirurgiens-dentistes.fr\/mystaging\/prise-en-charge-et-remboursements\/","title":{"rendered":"Prise en charge et remboursements"},"content":{"rendered":"<div id=\"conteneur_centre\">\n<h1>Co\u00fbts et prise en charge (s\u00e9curit\u00e9 social et mutuelle)<\/h1>\n<p>Le tarif des traitements d\u2019orthodontie est libre.Le co\u00fbt d\u2019un traitement orthodontique varie selon la malocclusion dentaire, le type d&#8217;appareil et la dur\u00e9e du traitement (de 6 \u00e0 36 mois).<\/p>\n<h1>1) Avant l\u2019\u00e2ge de 16 ans<\/h1>\n<p>Les traitements d\u2019orthodontie sont pris en charge par l\u2019Assurance Maladie \u00e0 certaines conditions:<br \/>&#8211; d&#8217;avoir obtenu l\u2019accord pr\u00e9alable de votre caisse de S\u00e9curit\u00e9 Sociale<br \/>&#8211; et qu&#8217;ils soient commenc\u00e9s avant le seizi\u00e8me anniversaire de l&#8217;enfant<br \/>La somme de prise en charge par la S\u00e9curit\u00e9 Sociale est toujours la m\u00eame, quelque soit le praticien (qu&#8217;il soit sp\u00e9cialiste en orthodontie ou non) et le type d\u2019appareil, soit <strong>193,50 \u20ac par semestre.<\/strong><\/p>\n<h2>La Demande d&#8217;Entente Pr\u00e9alable<\/h2>\n<p>&#8211; Compl\u00e9tez avec votre praticien une demande d&#8217;entente pr\u00e9alable (formulaire S3150).<br \/>&#8211; Adressez-la ensuite au Dentiste conseil de votre caisse d&#8217;Assurance Maladie dans l&#8217;enveloppe bleu fourni par votre orthodontiste.<br \/>&#8211; En cas de refus, votre caisse d&#8217;Assurance Maladie vous adresse, sous 15 jours, une notification indiquant les motifs du refus m\u00e9dical ou administratif.<br \/>&#8211; Au-del\u00e0 de ce d\u00e9lai de 15 jours, si vous n&#8217;avez pas de r\u00e9ponse de votre caisse d&#8217;Assurance Maladie, vous pouvez consid\u00e9rer que votre demande a \u00e9t\u00e9 accept\u00e9e.<\/p>\n<p>C&#8217;est pour cela qu&#8217;il est pr\u00e9f\u00e9rable d&#8217;envoyer vos demandes en recommand\u00e9es pour avoir une preuve d&#8217;envois car vous n&#8217;aurez pas de r\u00e9ponse en cas d&#8217;acceptation mais \u00e9galement en cas de non r\u00e9ception de votre DEP. Dans ce dernier cas vous n&#8217;aurez pas de remboursement sauf si vous pouvez prouver que vous aviez bien envoy\u00e9 les documents.<\/p>\n<p>L&#8217;accord de votre caisse d&#8217;Assurance Maladie est valable 6 mois. Le traitement doit donc commencer dans les 6 mois qui suivent la demande d&#8217;entente pr\u00e9alable. A chaque nouveau semestre, une nouvelle demande d\u2019entente pr\u00e9alable est \u00e0 renvoyer. Les remboursements sont g\u00e9n\u00e9ralement effectu\u00e9s en fin de semestre.<\/p>\n<p>La diff\u00e9rence entre les honoraires et le remboursement de la S\u00e9curit\u00e9 Sociale peut \u00eatre prise en charge, partiellement ou en totalit\u00e9, par votre Organisme compl\u00e9mentaire de sant\u00e9, votre mutuelle.<\/p>\n<p>La p\u00e9riode de contention (stabilisation des r\u00e9sultats obtenus) est \u00e9galement prise en charge\u00a0 par la s\u00e9curit\u00e9 sociale sur une base de 161,25 euros la premi\u00e8re ann\u00e9e et de 107,50 euros la deuxi\u00e8me.Il est assez rare d&#8217;avoir besoin de ces deux ann\u00e9es de contention. Une seule ann\u00e9e suffit g\u00e9n\u00e9ralement pour maintenir les r\u00e9sultats apr\u00e8s traitement.<\/p>\n<table style=\"color: var(--global-palette4);\">\n<tbody>\n<tr>\n<td width=\"25%\">\u00a0<\/td>\n<td>\u00a0<\/td>\n<td width=\"25%\">\u00a0<\/td>\n<\/tr>\n<\/tbody>\n<\/table>\n<h1>2) Apr\u00e8s l\u2019\u00e2ge de 16 ans<\/h1>\n<p>Le traitement est \u00e0 la charge du patient.<br \/>Votre Organisme compl\u00e9mentaire vous informera des conditions \u00e9ventuellement pr\u00e9vues par votre contrat d\u2019adh\u00e9sion.<\/p>\n<p><span style=\"text-decoration: underline;\"><i><strong>Remarque<\/strong><\/i><\/span><strong> :<\/strong> A titre exceptionnel, une prise en charge d\u2019un semestre de traitement par l\u2019Assurance Maladie est possible, si le patient de plus de 16 ans, doit subir un traitement orthodontico-chirurgical. c&#8217;est \u00e0 dire un traitement d&#8217;orthodontie associ\u00e9 \u00e0 une chirurgie r\u00e9paratrice ou fonctionnel. Il faudra envoyer avec la Demande d&#8217;Entente Pr\u00e9alable un courrier du chirurgien. Malheureusement, ce semestre n\u2019est pas renouvelable.<\/p>\n<\/div>\n<p>\u00a0<\/p>\n<p>\u00a0<\/p>\n\n\n<p class=\"has-large-font-size\">Tarifs et remboursement des traitements orthodontiques<\/p>\n\n\n\n<figure class=\"wp-block-table\"><table class=\"has-fixed-layout\"><tbody><tr><td class=\"has-text-align-center\" data-align=\"center\">Description des actes <br>Cotations S\u00e9curit\u00e9 Sociale conform\u00e9ment \u00e0 la nomenclature<\/td><td class=\"has-text-align-center\" data-align=\"center\">Honoraires<\/td><td class=\"has-text-align-center\" data-align=\"center\">Base de remboursement S\u00e9curit\u00e9 Sociale <br>(Hors prise en charge Mutuelle)<\/td><\/tr><tr><td class=\"has-text-align-center\" data-align=\"center\">Consultation Sp\u00e9cialiste : Cs<\/td><td class=\"has-text-align-center\" data-align=\"center\">23 \u20ac<\/td><td class=\"has-text-align-center\" data-align=\"center\">16,10 \u20ac<\/td><\/tr><tr><td class=\"has-text-align-center\" data-align=\"center\">Bilan diagnostique Cotation : TO 20 <br>(Prise d&#8217;empreintes, photographies, analyses radiographiques)<\/td><td class=\"has-text-align-center\" data-align=\"center\">160 \u20ac<\/td><td class=\"has-text-align-center\" data-align=\"center\">30,10 \u20ac<br>avant 16 ans<\/td><\/tr><tr><td class=\"has-text-align-center\" data-align=\"center\">Phase de traitement actif \/ semestre<br>Cotation: TO 90<br>(Technique vestibulaire)<\/td><td class=\"has-text-align-center\" data-align=\"center\">890 &#8211; 1200 \u20ac<br>(selon option)<\/td><td class=\"has-text-align-center\" data-align=\"center\">193,50 \u20ac<br>avant 16 ans<\/td><\/tr><tr><td class=\"has-text-align-center\" data-align=\"center\">Phase de Surveillance \/ semestre <br>Cotation : 2 TO 5<\/td><td class=\"has-text-align-center\" data-align=\"center\">100 \u20ac<\/td><td class=\"has-text-align-center\" data-align=\"center\">21,50 \u20ac<\/td><\/tr><tr><td class=\"has-text-align-center\" data-align=\"center\">Phase de Contention <br>Cotation : TO 75 (la 1\u00e8re ann\u00e9e)<\/td><td class=\"has-text-align-center\" data-align=\"center\">800 \u20ac\/an<\/td><td class=\"has-text-align-center\" data-align=\"center\">161,25 \u20ac<br>avant 16 ans<\/td><\/tr><\/tbody><\/table><\/figure>\n\n\n\n<p><\/p>\n","protected":false},"excerpt":{"rendered":"<p>Co\u00fbts et prise en charge (s\u00e9curit\u00e9 social et mutuelle) Le tarif des traitements d\u2019orthodontie est libre.Le co\u00fbt d\u2019un traitement orthodontique varie selon la malocclusion dentaire, le type d&#8217;appareil et la dur\u00e9e du traitement (de 6 \u00e0 36 mois). 1) Avant l\u2019\u00e2ge de 16 ans Les traitements d\u2019orthodontie sont pris en charge par l\u2019Assurance Maladie \u00e0&#8230;<\/p>\n","protected":false},"author":1,"featured_media":0,"parent":0,"menu_order":0,"comment_status":"closed","ping_status":"closed","template":"","meta":{"om_disable_all_campaigns":false,"_monsterinsights_skip_tracking":false,"_monsterinsights_sitenote_active":false,"_monsterinsights_sitenote_note":"","_monsterinsights_sitenote_category":0,"_kad_post_transparent":"","_kad_post_title":"","_kad_post_layout":"narrow","_kad_post_sidebar_id":"","_kad_post_content_style":"","_kad_post_vertical_padding":"","_kad_post_feature":"","_kad_post_feature_position":"","_kad_post_header":false,"_kad_post_footer":false,"footnotes":""},"class_list":["post-289","page","type-page","status-publish","hentry"],"aioseo_notices":[],"_links":{"self":[{"href":"https:\/\/dr-galievsky-mathilde.chirurgiens-dentistes.fr\/mystaging\/wp-json\/wp\/v2\/pages\/289","targetHints":{"allow":["GET"]}}],"collection":[{"href":"https:\/\/dr-galievsky-mathilde.chirurgiens-dentistes.fr\/mystaging\/wp-json\/wp\/v2\/pages"}],"about":[{"href":"https:\/\/dr-galievsky-mathilde.chirurgiens-dentistes.fr\/mystaging\/wp-json\/wp\/v2\/types\/page"}],"author":[{"embeddable":true,"href":"https:\/\/dr-galievsky-mathilde.chirurgiens-dentistes.fr\/mystaging\/wp-json\/wp\/v2\/users\/1"}],"replies":[{"embeddable":true,"href":"https:\/\/dr-galievsky-mathilde.chirurgiens-dentistes.fr\/mystaging\/wp-json\/wp\/v2\/comments?post=289"}],"version-history":[{"count":14,"href":"https:\/\/dr-galievsky-mathilde.chirurgiens-dentistes.fr\/mystaging\/wp-json\/wp\/v2\/pages\/289\/revisions"}],"predecessor-version":[{"id":1862,"href":"https:\/\/dr-galievsky-mathilde.chirurgiens-dentistes.fr\/mystaging\/wp-json\/wp\/v2\/pages\/289\/revisions\/1862"}],"wp:attachment":[{"href":"https:\/\/dr-galievsky-mathilde.chirurgiens-dentistes.fr\/mystaging\/wp-json\/wp\/v2\/media?parent=289"}],"curies":[{"name":"wp","href":"https:\/\/api.w.org\/{rel}","templated":true}]}}