{"id":276,"date":"2014-01-11T17:45:36","date_gmt":"2014-01-11T17:45:36","guid":{"rendered":"http:\/\/dr-galievsky-mathilde.chirurgiens-dentistes.fr\/blog\/?page_id=276"},"modified":"2014-04-01T09:31:35","modified_gmt":"2014-04-01T09:31:35","slug":"interet-dun-traitement-orthodontique","status":"publish","type":"page","link":"https:\/\/dr-galievsky-mathilde.chirurgiens-dentistes.fr\/mystaging\/fiches-conseils\/interet-dun-traitement-orthodontique\/","title":{"rendered":"Int\u00e9r\u00eat d&#8217;un traitement orthodontique"},"content":{"rendered":"<div id=\"conteneur_centre\">\n<h1>Qu&#8217;est ce que l orthodontie?<\/h1>\n<p id=\"intro_article\">L\u2019orthodontie consiste \u00e0 d\u00e9placer les dents et \u00e0 modifier la croissance des m\u00e2choires, afin d&#8217;obtenir un alignement dentaire harmonieux et d&#8217;am\u00e9liorer les fonctions orales et faciales. Un orthodontiste est un chirurgien-dentiste, qui s&#8217;est sp\u00e9cialis\u00e9 pendant 4,5 ans en orthop\u00e9die dento-faciale ou d\u00e9sormais qui a fait son internat de 3 ans \u00e0 temps plein en orthodontie.<\/p>\n<h2>L\u2019orthodontie et les d\u00e9placements dentaires<\/h2>\n<p>Les traitements orthodontiques visent \u00e0 d\u00e9placer les dents pour les r\u00e9aligner et assurer une meilleure fonction masticatoire.<br \/>\nIl existe des appareillages fixes et des appareillages amovibles. Mais pour avoir un v\u00e9ritable effet sur les dents les appareils m\u00eame amovible doivent \u00eatre port\u00e9s en g\u00e9n\u00e9ral plus de 12 heures par jour.<\/p>\n<h2>L\u2019orthodontie et la croissance faciale :<\/h2>\n<p>Certains enfants pr\u00e9sentent une croissance de l&#8217;une ou des deux m\u00e2choires trop importante ou au contraire pas assez importante. Ces enfants peuvent b\u00e9n\u00e9ficier d\u2019un traitement \u00e0 l\u2019aide d\u2019appareils amovibles ou fixes pour corriger ce d\u00e9faut de croissance.<br \/>\nCette correction n\u2019est possible que chez l\u2019enfant en croissance. Chez l\u2019adulte la correction d\u2019un du m\u00eame d\u00e9calage se fera \u00e0 l&#8217;aide du chirurgien maxillo-facial.<\/p>\n<h2>Les orthodontistes:<\/h2>\n<p>Ils sont d&#8217;abord tous des chirurgiens dentistes. Ils suivent un <strong>cursus g\u00e9n\u00e9ral de 6 ans<\/strong>.<br \/>\nPuis ils d\u00e9cident de se sp\u00e9cialiser, ils passent un concourt tr\u00e8s s\u00e9lectif qui leur assurera une <strong>formation en orthodontie de 4,5 ans<\/strong> et ils pourront pr\u00e9tendre au titre de sp\u00e9cialiste en orthodontie. Or, depuis 2012, la sp\u00e9cialisation en orthodontie se fait d\u00e9sormais par la voie de l&#8217;internat. Le chirurgien dentiste passe \u00e0 la fin de son cursus un concourt national (l&#8217;internat) et pourra choisir en fonction de son classement sa sp\u00e9cialit\u00e9 (chirurgie orale, m\u00e9decine bucco-dentaire ou orthodontie) et son universit\u00e9. C&#8217;est le m\u00eame principe que pour les m\u00e9decins. Il suivra donc d\u00e9sormais une formation de 3 ans \u00e0 temps plein.<br \/>\nMais certains dentistes n&#8217;ayant pas fait ce cursus de sp\u00e9cialisation pourront tout de m\u00eame faire de l&#8217;orthodontie mais n&#8217;auront pas le droit au titre de sp\u00e9cialiste. Car au terme des 6 ans de tronc commun, le chirurgien dentiste est cens\u00e9 pouvoir tout faire, aussi bien soigner des caries, qu&#8217;extraire des dents de sagesse ou aligner des dents. Mais tr\u00e8s souvent,\u00a0 il se sera form\u00e9 en orthodontie \u00e0 l&#8217;aide de formation priv\u00e9 qui peuvent \u00eatre bonnes mais ne sont malheureusement que th\u00e9orique en g\u00e9n\u00e9ral.<\/p>\n<p>Pour savoir si votre praticien est sp\u00e9cialiste il y aura \u00e9crit sur sa plaque: <strong>sp\u00e9cialiste qualifi\u00e9s en Orthop\u00e9die-dento-faciale<\/strong>. Dans le cas contraire, votre praticien a du faire des formations th\u00e9oriques ou priv\u00e9es et souvent non hospitalo-universitaire.<\/p>\n<h2>\u00a0<\/h2>\n<\/div>\n","protected":false},"excerpt":{"rendered":"<p>Qu&#8217;est ce que l orthodontie? L\u2019orthodontie consiste \u00e0 d\u00e9placer les dents et \u00e0 modifier la croissance des m\u00e2choires, afin d&#8217;obtenir un alignement dentaire harmonieux et d&#8217;am\u00e9liorer les fonctions orales et faciales. Un orthodontiste est un chirurgien-dentiste, qui s&#8217;est sp\u00e9cialis\u00e9 pendant 4,5 ans en orthop\u00e9die dento-faciale ou d\u00e9sormais qui a fait son internat de 3 ans&#8230;<\/p>\n","protected":false},"author":1,"featured_media":0,"parent":59,"menu_order":0,"comment_status":"closed","ping_status":"closed","template":"","meta":{"om_disable_all_campaigns":false,"_monsterinsights_skip_tracking":false,"_monsterinsights_sitenote_active":false,"_monsterinsights_sitenote_note":"","_monsterinsights_sitenote_category":0,"_kad_post_transparent":"","_kad_post_title":"","_kad_post_layout":"","_kad_post_sidebar_id":"","_kad_post_content_style":"","_kad_post_vertical_padding":"","_kad_post_feature":"","_kad_post_feature_position":"","_kad_post_header":false,"_kad_post_footer":false,"footnotes":""},"class_list":["post-276","page","type-page","status-publish","hentry"],"aioseo_notices":[],"_links":{"self":[{"href":"https:\/\/dr-galievsky-mathilde.chirurgiens-dentistes.fr\/mystaging\/wp-json\/wp\/v2\/pages\/276","targetHints":{"allow":["GET"]}}],"collection":[{"href":"https:\/\/dr-galievsky-mathilde.chirurgiens-dentistes.fr\/mystaging\/wp-json\/wp\/v2\/pages"}],"about":[{"href":"https:\/\/dr-galievsky-mathilde.chirurgiens-dentistes.fr\/mystaging\/wp-json\/wp\/v2\/types\/page"}],"author":[{"embeddable":true,"href":"https:\/\/dr-galievsky-mathilde.chirurgiens-dentistes.fr\/mystaging\/wp-json\/wp\/v2\/users\/1"}],"replies":[{"embeddable":true,"href":"https:\/\/dr-galievsky-mathilde.chirurgiens-dentistes.fr\/mystaging\/wp-json\/wp\/v2\/comments?post=276"}],"version-history":[{"count":8,"href":"https:\/\/dr-galievsky-mathilde.chirurgiens-dentistes.fr\/mystaging\/wp-json\/wp\/v2\/pages\/276\/revisions"}],"predecessor-version":[{"id":643,"href":"https:\/\/dr-galievsky-mathilde.chirurgiens-dentistes.fr\/mystaging\/wp-json\/wp\/v2\/pages\/276\/revisions\/643"}],"up":[{"embeddable":true,"href":"https:\/\/dr-galievsky-mathilde.chirurgiens-dentistes.fr\/mystaging\/wp-json\/wp\/v2\/pages\/59"}],"wp:attachment":[{"href":"https:\/\/dr-galievsky-mathilde.chirurgiens-dentistes.fr\/mystaging\/wp-json\/wp\/v2\/media?parent=276"}],"curies":[{"name":"wp","href":"https:\/\/api.w.org\/{rel}","templated":true}]}}